{"id":18,"date":"2021-09-03T16:20:06","date_gmt":"2021-09-03T14:20:06","guid":{"rendered":"http:\/\/latelierdemassieux.fr\/?page_id=18"},"modified":"2026-09-01T22:57:33","modified_gmt":"2026-09-01T20:57:33","slug":"pedagogie-positive","status":"publish","type":"page","link":"https:\/\/latelierdemassieux.fr\/index.php\/pedagogie-positive\/","title":{"rendered":"P\u00e9dagogie positive"},"content":{"rendered":"\n<figure class=\"wp-block-gallery has-nested-images columns-default is-cropped wp-block-gallery-1 is-layout-flex wp-block-gallery-is-layout-flex\">\n<figure class=\"wp-block-image size-large\"><img loading=\"lazy\" decoding=\"async\" width=\"602\" height=\"242\" data-id=\"53\" src=\"https:\/\/latelierdemassieux.fr\/wp-content\/uploads\/2021\/09\/cropped-PAZAPA-bd-transparent.png\" alt=\"\" class=\"wp-image-53\" srcset=\"https:\/\/latelierdemassieux.fr\/wp-content\/uploads\/2021\/09\/cropped-PAZAPA-bd-transparent.png 602w, https:\/\/latelierdemassieux.fr\/wp-content\/uploads\/2021\/09\/cropped-PAZAPA-bd-transparent-300x121.png 300w\" sizes=\"auto, (max-width: 602px) 100vw, 602px\" \/><\/figure>\n<\/figure>\n\n\n\n<p class=\"has-primary-color has-text-color has-link-color wp-elements-1 wp-block-paragraph\">Je suis Praticienne en <strong>Psychop\u00e9dagogie Positive, int\u00e9gration des r\u00e9flexes archa\u00efques et orientation int\u00e9grative<\/strong>.<\/p>\n\n\n\n<p class=\"has-primary-color has-text-color has-link-color wp-elements-2 wp-block-paragraph\">J\u2019accompagne en s\u00e9ance individuelle ou en atelier collectif les b\u00e9b\u00e9s, les enfants, les adolescents, les adultes et les s\u00e9niors <strong>vers leur plein potentiel<\/strong> avec&nbsp;une approche globale <strong>T\u00eate-C\u0153ur-Corps.<\/strong>&nbsp;<\/p>\n\n\n\n<p class=\"has-text-align-center has-background-color has-accent-background-color has-text-color has-background has-link-color wp-elements-3 wp-block-paragraph\">                                   <a href=\"http:\/\/pazapa.eu\"><strong>http:\/\/pazapa.eu<\/strong><\/a><\/p>\n\n\n\n<p class=\"wp-block-paragraph\">Pour cette saison 2026-2027 L&rsquo;association l&rsquo;Atelier de Massieux organise tous les vendredis de 15h00 \u00e0 16h30 des ateliers m\u00e9moire s\u00e9niors dans la salle des Aigrettes situ\u00e9e derri\u00e8re l&rsquo;\u00e9glise de Massieux que j&rsquo;aurai le plaisir d&rsquo;animer.<\/p>\n\n\n<div class=\"wp-block-image\">\n<figure class=\"aligncenter size-large\"><img loading=\"lazy\" decoding=\"async\" width=\"1024\" height=\"768\" src=\"http:\/\/latelierdemassieux.fr\/wp-content\/uploads\/2026\/08\/Memoire-Atelier-de-Massieux-1024x768.jpeg\" alt=\"\" class=\"wp-image-4738\" srcset=\"https:\/\/latelierdemassieux.fr\/wp-content\/uploads\/2026\/08\/Memoire-Atelier-de-Massieux-1024x768.jpeg 1024w, https:\/\/latelierdemassieux.fr\/wp-content\/uploads\/2026\/08\/Memoire-Atelier-de-Massieux-300x225.jpeg 300w, https:\/\/latelierdemassieux.fr\/wp-content\/uploads\/2026\/08\/Memoire-Atelier-de-Massieux-768x576.jpeg 768w, https:\/\/latelierdemassieux.fr\/wp-content\/uploads\/2026\/08\/Memoire-Atelier-de-Massieux-1536x1152.jpeg 1536w, https:\/\/latelierdemassieux.fr\/wp-content\/uploads\/2026\/08\/Memoire-Atelier-de-Massieux-1200x900.jpeg 1200w, https:\/\/latelierdemassieux.fr\/wp-content\/uploads\/2026\/08\/Memoire-Atelier-de-Massieux.jpeg 1600w\" sizes=\"auto, (max-width: 1024px) 100vw, 1024px\" \/><\/figure>\n<\/div>\n\n\n<p class=\"has-primary-color has-text-color has-link-color wp-elements-4 wp-block-paragraph\"><strong>Vous avez des difficult\u00e9s \u00e0 vous concentrer ?<\/strong><\/p>\n\n\n\n<p class=\"has-primary-color has-text-color has-link-color wp-elements-5 wp-block-paragraph\"><strong>Votre m\u00e9moire vous joue des tours ?<\/strong><\/p>\n\n\n\n<p class=\"has-primary-color has-text-color has-link-color wp-elements-6 wp-block-paragraph\"><strong>Vous souhaitez stimuler votre agilit\u00e9 mentale ?<\/strong><\/p>\n\n\n\n<p class=\"has-primary-color has-text-color has-link-color wp-elements-7 wp-block-paragraph\"><strong>Vous souhaitez maintenir vos capacit\u00e9s en entretenant votre cerveau comme votre corps ?<\/strong><\/p>\n\n\n\n<p class=\"has-primary-color has-text-color has-link-color wp-elements-8 wp-block-paragraph\"><strong>Alors ces ateliers ludiques sont faits pour vous<\/strong> :<\/p>\n\n\n\n<p class=\"has-accent-color has-text-color has-link-color wp-elements-9 wp-block-paragraph\"><strong>Plus agile intellectuellement,<\/strong><\/p>\n\n\n\n<p class=\"has-accent-color has-text-color has-link-color wp-elements-10 wp-block-paragraph\"><strong>Plus fort psychologiquement<\/strong><\/p>\n\n\n\n<p class=\"has-accent-color has-text-color has-link-color wp-elements-11 wp-block-paragraph\"><strong>Plus heureux au quotidien !<\/strong><\/p>\n\n\n\n<p class=\"has-accent-color has-text-color has-link-color wp-elements-12 wp-block-paragraph\"><strong>Vous vous inscrivez pour un cycle de 5, 10, 15 ou 20 ateliers entre septembre et juin les vendredis de 15h00 \u00e0 16h30. Il n&rsquo;y a pas de suite entre 2 ateliers donc vous pouvez am\u00e9nager ces ateliers en fonction de votre agenda !<\/strong> <\/p>\n\n\n\n<p class=\"has-text-align-center has-background-color has-accent-background-color has-text-color has-background has-link-color wp-elements-13 wp-block-paragraph\">                                              <strong><a href=\"https:\/\/docs.google.com\/spreadsheets\/d\/1p1jcXrQr8e-H9bHm_9fM_R2kyf3mQe4DfBF1Cm1Kytg\/edit?gid=376279128#gid=376279128\"> Planning ici<\/a><\/strong> <\/p>\n\n\n\n<p class=\"has-accent-color has-text-color has-link-color wp-elements-14 wp-block-paragraph\">Minimum 2 participants et maximum 10 adh\u00e9rents \u00e0 l&rsquo;association l&rsquo;Atelier de Massieux<\/p>\n\n\n\n<p class=\"wp-block-paragraph\"><strong>Ces ateliers sont lab\u00e9llis\u00e9s ENC\u00c9FAL\u00ae : ENtra\u00eenement C\u00c9r\u00e9bral Facilit\u00e9 par les Activit\u00e9s de Loisirs<\/strong><\/p>\n\n\n\n<p class=\"wp-block-paragraph\"><strong>C\u2019est une approche r\u00e9volutionnaire qui allie plaisir et efficacit\u00e9 pour optimiser le bien-\u00eatre mental et physique lors de l\u2019avanc\u00e9e en \u00e2ge.<\/strong><\/p>\n\n\n\n<p class=\"wp-block-paragraph\"><strong>Origine et validation scientifique<\/strong><\/p>\n\n\n\n<p class=\"wp-block-paragraph\"><strong>Cette m\u00e9thode unique s\u2019appuie sur des activit\u00e9s ludiques et stimulantes pour entra\u00eener le cerveau de mani\u00e8re naturelle et agr\u00e9able.<\/strong><\/p>\n\n\n\n<p class=\"wp-block-paragraph\"><strong>Elle a fait l\u2019objet d\u2019une validation scientifiques rigoureuse, d\u00e9montrant son efficacit\u00e9 pour am\u00e9liorer les fonctions cognitives et promouvoir un bien-\u00eatre global.<\/strong><\/p>\n\n\n\n<p class=\"has-text-align-center alignwide has-background-color has-secondary-background-color has-text-color has-background has-link-color wp-elements-15 wp-block-paragraph\">                                                                                             <strong> <a href=\"https:\/\/www.facebook.com\/watch\/?mibextid=wwXIfr&amp;v=1358950947461550&amp;rdid=LJ7eoAHebtU2jGCW\">Vid\u00e9o<\/a><\/strong><\/p>\n\n\n\n<h1 class=\"wp-block-heading has-large-font-size\">Contact: <a href=\"mailto:nathalie@pazapa.eu\">nathalie@pazapa.eu<\/a><\/h1>\n\n\n\n<h1 class=\"wp-block-heading has-large-font-size\">Tel: 06.83.26.46.53<\/h1>\n\n\n\n<p class=\"has-background-color has-accent-background-color has-text-color has-background wp-block-paragraph\">Retour de Danielle C : \u00ab J\u2019appr\u00e9cie ces ateliers \u00ab m\u00e9moire seniors \u00bb. Pr\u00e9sentation claire, plut\u00f4t ludique : observation d\u2019images \u00e0 m\u00e9moriser, exercices \u00e0 faire sur place dans une bonne ambiance \u00bb.<\/p>\n\n\n\n<p class=\"has-primary-color has-text-color has-link-color wp-elements-16 wp-block-paragraph\">Tarif saison 2024-2025 : Payable 1 ou 3 fois<\/p>\n\n\n\n<ul class=\"wp-block-list\">\n<li class=\"has-primary-color has-text-color has-link-color wp-elements-17\">Forfait 5 ateliers 75\u20ac<\/li>\n\n\n\n<li class=\"has-primary-color has-text-color has-link-color wp-elements-18\">Forfait 10 ateliers 150\u20ac<\/li>\n\n\n\n<li class=\"has-primary-color has-text-color has-link-color wp-elements-19\">Forfait 15 ateliers 195\u20ac <\/li>\n\n\n\n<li class=\"has-primary-color has-text-color has-link-color wp-elements-20\">Forfait 20 ateliers 260\u20ac <\/li>\n<\/ul>\n\n\n\n<p class=\"has-accent-color has-accent-background-color has-text-color has-background has-link-color wp-elements-21 wp-block-paragraph\"><strong>Inscription latelierdemassieux@gmail.com ou 06.83.26.46.53<\/strong><\/p>\n\n\n\n<figure class=\"wp-block-image size-large\"><img loading=\"lazy\" decoding=\"async\" width=\"1024\" height=\"753\" src=\"http:\/\/latelierdemassieux.fr\/wp-content\/uploads\/2026\/08\/Ateliers-memoire-1024x753.jpeg\" alt=\"\" class=\"wp-image-4770\" srcset=\"https:\/\/latelierdemassieux.fr\/wp-content\/uploads\/2026\/08\/Ateliers-memoire-1024x753.jpeg 1024w, https:\/\/latelierdemassieux.fr\/wp-content\/uploads\/2026\/08\/Ateliers-memoire-300x221.jpeg 300w, https:\/\/latelierdemassieux.fr\/wp-content\/uploads\/2026\/08\/Ateliers-memoire-768x565.jpeg 768w, https:\/\/latelierdemassieux.fr\/wp-content\/uploads\/2026\/08\/Ateliers-memoire-1536x1130.jpeg 1536w, https:\/\/latelierdemassieux.fr\/wp-content\/uploads\/2026\/08\/Ateliers-memoire-1200x883.jpeg 1200w, https:\/\/latelierdemassieux.fr\/wp-content\/uploads\/2026\/08\/Ateliers-memoire.jpeg 1600w\" sizes=\"auto, (max-width: 1024px) 100vw, 1024px\" \/><\/figure>\n","protected":false},"excerpt":{"rendered":"<p>Je suis Praticienne en Psychop\u00e9dagogie Positive, int\u00e9gration des r\u00e9flexes archa\u00efques et orientation int\u00e9grative. J\u2019accompagne en s\u00e9ance individuelle ou en atelier collectif les b\u00e9b\u00e9s, les enfants, les adolescents, les adultes et les s\u00e9niors vers leur plein potentiel avec&nbsp;une approche globale T\u00eate-C\u0153ur-Corps.&nbsp; http:\/\/pazapa.eu Pour cette saison 2026-2027 L&rsquo;association l&rsquo;Atelier de Massieux organise tous les vendredis de 15h00 [&hellip;]<\/p>\n","protected":false},"author":1,"featured_media":0,"parent":0,"menu_order":0,"comment_status":"closed","ping_status":"closed","template":"","meta":{"iawp_total_views":55,"footnotes":""},"class_list":["post-18","page","type-page","status-publish","hentry"],"_links":{"self":[{"href":"https:\/\/latelierdemassieux.fr\/index.php\/wp-json\/wp\/v2\/pages\/18","targetHints":{"allow":["GET"]}}],"collection":[{"href":"https:\/\/latelierdemassieux.fr\/index.php\/wp-json\/wp\/v2\/pages"}],"about":[{"href":"https:\/\/latelierdemassieux.fr\/index.php\/wp-json\/wp\/v2\/types\/page"}],"author":[{"embeddable":true,"href":"https:\/\/latelierdemassieux.fr\/index.php\/wp-json\/wp\/v2\/users\/1"}],"replies":[{"embeddable":true,"href":"https:\/\/latelierdemassieux.fr\/index.php\/wp-json\/wp\/v2\/comments?post=18"}],"version-history":[{"count":55,"href":"https:\/\/latelierdemassieux.fr\/index.php\/wp-json\/wp\/v2\/pages\/18\/revisions"}],"predecessor-version":[{"id":4819,"href":"https:\/\/latelierdemassieux.fr\/index.php\/wp-json\/wp\/v2\/pages\/18\/revisions\/4819"}],"wp:attachment":[{"href":"https:\/\/latelierdemassieux.fr\/index.php\/wp-json\/wp\/v2\/media?parent=18"}],"curies":[{"name":"wp","href":"https:\/\/api.w.org\/{rel}","templated":true}]}}

Pédagogie positive

<figure class="wp-block-gallery has-nested-images columns-default is-cropped wp-block-gallery-1 is-layout-flex wp-block-gallery-is-layout-flex">
<figure class="wp-block-image size-large"><img loading="lazy" decoding="async" width="602" height="242" data-id="53" src="https://latelierdemassieux.fr/wp-content/uploads/2021/09/cropped-PAZAPA-bd-transparent.png" alt="" class="wp-image-53" srcset="https://latelierdemassieux.fr/wp-content/uploads/2021/09/cropped-PAZAPA-bd-transparent.png 602w, https://latelierdemassieux.fr/wp-content/uploads/2021/09/cropped-PAZAPA-bd-transparent-300x121.png 300w" sizes="auto, (max-width: 602px) 100vw, 602px" /></figure>
</figure>



<p class="has-primary-color has-text-color has-link-color wp-elements-1 wp-block-paragraph">Je suis Praticienne en <strong>Psychopédagogie Positive, intégration des réflexes archaïques et orientation intégrative</strong>.</p>



<p class="has-primary-color has-text-color has-link-color wp-elements-2 wp-block-paragraph">J’accompagne en séance individuelle ou en atelier collectif les bébés, les enfants, les adolescents, les adultes et les séniors <strong>vers leur plein potentiel</strong> avec&nbsp;une approche globale <strong>Tête-Cœur-Corps.</strong>&nbsp;</p>



<p class="has-text-align-center has-background-color has-accent-background-color has-text-color has-background has-link-color wp-elements-3 wp-block-paragraph">                                   <a href="http://pazapa.eu"><strong>http://pazapa.eu</strong></a></p>



<p class="wp-block-paragraph">Pour cette saison 2026-2027 L&rsquo;association l&rsquo;Atelier de Massieux organise tous les vendredis de 15h00 à 16h30 des ateliers mémoire séniors dans la salle des Aigrettes située derrière l&rsquo;église de Massieux que j&rsquo;aurai le plaisir d&rsquo;animer.</p>


<div class="wp-block-image">
<figure class="aligncenter size-large"><img loading="lazy" decoding="async" width="1024" height="768" src="http://latelierdemassieux.fr/wp-content/uploads/2026/08/Memoire-Atelier-de-Massieux-1024x768.jpeg" alt="" class="wp-image-4738" srcset="https://latelierdemassieux.fr/wp-content/uploads/2026/08/Memoire-Atelier-de-Massieux-1024x768.jpeg 1024w, https://latelierdemassieux.fr/wp-content/uploads/2026/08/Memoire-Atelier-de-Massieux-300x225.jpeg 300w, https://latelierdemassieux.fr/wp-content/uploads/2026/08/Memoire-Atelier-de-Massieux-768x576.jpeg 768w, https://latelierdemassieux.fr/wp-content/uploads/2026/08/Memoire-Atelier-de-Massieux-1536x1152.jpeg 1536w, https://latelierdemassieux.fr/wp-content/uploads/2026/08/Memoire-Atelier-de-Massieux-1200x900.jpeg 1200w, https://latelierdemassieux.fr/wp-content/uploads/2026/08/Memoire-Atelier-de-Massieux.jpeg 1600w" sizes="auto, (max-width: 1024px) 100vw, 1024px" /></figure>
</div>


<p class="has-primary-color has-text-color has-link-color wp-elements-4 wp-block-paragraph"><strong>Vous avez des difficultés à vous concentrer ?</strong></p>



<p class="has-primary-color has-text-color has-link-color wp-elements-5 wp-block-paragraph"><strong>Votre mémoire vous joue des tours ?</strong></p>



<p class="has-primary-color has-text-color has-link-color wp-elements-6 wp-block-paragraph"><strong>Vous souhaitez stimuler votre agilité mentale ?</strong></p>



<p class="has-primary-color has-text-color has-link-color wp-elements-7 wp-block-paragraph"><strong>Vous souhaitez maintenir vos capacités en entretenant votre cerveau comme votre corps ?</strong></p>



<p class="has-primary-color has-text-color has-link-color wp-elements-8 wp-block-paragraph"><strong>Alors ces ateliers ludiques sont faits pour vous</strong> :</p>



<p class="has-accent-color has-text-color has-link-color wp-elements-9 wp-block-paragraph"><strong>Plus agile intellectuellement,</strong></p>



<p class="has-accent-color has-text-color has-link-color wp-elements-10 wp-block-paragraph"><strong>Plus fort psychologiquement</strong></p>



<p class="has-accent-color has-text-color has-link-color wp-elements-11 wp-block-paragraph"><strong>Plus heureux au quotidien !</strong></p>



<p class="has-accent-color has-text-color has-link-color wp-elements-12 wp-block-paragraph"><strong>Vous vous inscrivez pour un cycle de 5, 10, 15 ou 20 ateliers entre septembre et juin les vendredis de 15h00 à 16h30. Il n&rsquo;y a pas de suite entre 2 ateliers donc vous pouvez aménager ces ateliers en fonction de votre agenda !</strong> </p>



<p class="has-text-align-center has-background-color has-accent-background-color has-text-color has-background has-link-color wp-elements-13 wp-block-paragraph">                                              <strong><a href="https://docs.google.com/spreadsheets/d/1p1jcXrQr8e-H9bHm_9fM_R2kyf3mQe4DfBF1Cm1Kytg/edit?gid=376279128#gid=376279128"> Planning ici</a></strong> </p>



<p class="has-accent-color has-text-color has-link-color wp-elements-14 wp-block-paragraph">Minimum 2 participants et maximum 10 adhérents à l&rsquo;association l&rsquo;Atelier de Massieux</p>



<p class="wp-block-paragraph"><strong>Ces ateliers sont labéllisés ENCÉFAL® : ENtraînement CÉrébral Facilité par les Activités de Loisirs</strong></p>



<p class="wp-block-paragraph"><strong>C’est une approche révolutionnaire qui allie plaisir et efficacité pour optimiser le bien-être mental et physique lors de l’avancée en âge.</strong></p>



<p class="wp-block-paragraph"><strong>Origine et validation scientifique</strong></p>



<p class="wp-block-paragraph"><strong>Cette méthode unique s’appuie sur des activités ludiques et stimulantes pour entraîner le cerveau de manière naturelle et agréable.</strong></p>



<p class="wp-block-paragraph"><strong>Elle a fait l’objet d’une validation scientifiques rigoureuse, démontrant son efficacité pour améliorer les fonctions cognitives et promouvoir un bien-être global.</strong></p>



<p class="has-text-align-center alignwide has-background-color has-secondary-background-color has-text-color has-background has-link-color wp-elements-15 wp-block-paragraph">                                                                                             <strong> <a href="https://www.facebook.com/watch/?mibextid=wwXIfr&amp;v=1358950947461550&amp;rdid=LJ7eoAHebtU2jGCW">Vidéo</a></strong></p>



<h1 class="wp-block-heading has-large-font-size">Contact: <a href="mailto:nathalie@pazapa.eu">nathalie@pazapa.eu</a></h1>



<h1 class="wp-block-heading has-large-font-size">Tel: 06.83.26.46.53</h1>



<p class="has-background-color has-accent-background-color has-text-color has-background wp-block-paragraph">Retour de Danielle C : « J’apprécie ces ateliers « mémoire seniors ». Présentation claire, plutôt ludique : observation d’images à mémoriser, exercices à faire sur place dans une bonne ambiance ».</p>



<p class="has-primary-color has-text-color has-link-color wp-elements-16 wp-block-paragraph">Tarif saison 2024-2025 : Payable 1 ou 3 fois</p>



<ul class="wp-block-list">
<li class="has-primary-color has-text-color has-link-color wp-elements-17">Forfait 5 ateliers 75€</li>



<li class="has-primary-color has-text-color has-link-color wp-elements-18">Forfait 10 ateliers 150€</li>



<li class="has-primary-color has-text-color has-link-color wp-elements-19">Forfait 15 ateliers 195€ </li>



<li class="has-primary-color has-text-color has-link-color wp-elements-20">Forfait 20 ateliers 260€ </li>
</ul>



<p class="has-accent-color has-accent-background-color has-text-color has-background has-link-color wp-elements-21 wp-block-paragraph"><strong>Inscription latelierdemassieux@gmail.com ou 06.83.26.46.53</strong></p>



<figure class="wp-block-image size-large"><img loading="lazy" decoding="async" width="1024" height="753" src="http://latelierdemassieux.fr/wp-content/uploads/2026/08/Ateliers-memoire-1024x753.jpeg" alt="" class="wp-image-4770" srcset="https://latelierdemassieux.fr/wp-content/uploads/2026/08/Ateliers-memoire-1024x753.jpeg 1024w, https://latelierdemassieux.fr/wp-content/uploads/2026/08/Ateliers-memoire-300x221.jpeg 300w, https://latelierdemassieux.fr/wp-content/uploads/2026/08/Ateliers-memoire-768x565.jpeg 768w, https://latelierdemassieux.fr/wp-content/uploads/2026/08/Ateliers-memoire-1536x1130.jpeg 1536w, https://latelierdemassieux.fr/wp-content/uploads/2026/08/Ateliers-memoire-1200x883.jpeg 1200w, https://latelierdemassieux.fr/wp-content/uploads/2026/08/Ateliers-memoire.jpeg 1600w" sizes="auto, (max-width: 1024px) 100vw, 1024px" /></figure>

<p>Je suis Praticienne en Psychopédagogie Positive, intégration des réflexes archaïques et orientation intégrative. J’accompagne en séance individuelle ou en atelier collectif les bébés, les enfants, les adolescents, les adultes et les séniors vers leur plein potentiel avec&nbsp;une approche globale Tête-Cœur-Corps.&nbsp; http://pazapa.eu Pour cette saison 2026-2027 L&rsquo;association l&rsquo;Atelier de Massieux organise tous les vendredis de 15h00 [&hellip;]</p>
